{"id":1091,"date":"2026-03-28T00:26:10","date_gmt":"2026-03-27T23:26:10","guid":{"rendered":"https:\/\/vonotterskarummet.se\/?post_type=product&#038;p=1091"},"modified":"2026-04-08T13:21:07","modified_gmt":"2026-04-08T11:21:07","slug":"djurhallare-for-smorkniv-styckvis","status":"publish","type":"product","link":"https:\/\/vonotterskarummet.se\/?product=djurhallare-for-smorkniv-styckvis","title":{"rendered":"Djurh\u00e5llare f\u00f6r Sm\u00f6rkniv \u2013 Styckvis"},"content":{"rendered":"","protected":false},"excerpt":{"rendered":"<p data-start=\"222\" data-end=\"434\">Charmig och dekorativ <strong data-start=\"244\" data-end=\"268\">h\u00e5llare f\u00f6r sm\u00f6rkniv<\/strong> i form av olika djurmotiv. Dessa sm\u00e5 detaljer \u00e4r b\u00e5de praktiska och lekfulla, och h\u00e5ller sm\u00f6rkniven upph\u00f6jd fr\u00e5n bordet f\u00f6r att minska spill och kladd vid servering.<\/p>\n<p data-start=\"436\" data-end=\"622\">Finns i flera olika utf\u00f6randen s\u00e5som <strong data-start=\"473\" data-end=\"507\">katt, f\u00e5r, hund, gris och hare<\/strong>. Varje modell har sin egen unika karakt\u00e4r och blir en fin detalj p\u00e5 frukostbordet, ostbrickan eller vid servering.<\/p>\n<p data-start=\"624\" data-end=\"805\">Produkten s\u00e4ljs <strong data-start=\"640\" data-end=\"652\">styckvis<\/strong> och <strong data-start=\"657\" data-end=\"685\">varje djur s\u00e4ljs separat<\/strong>, vilket g\u00f6r det enkelt att v\u00e4lja just den variant som passar b\u00e4st eller kombinera flera olika f\u00f6r en personlig dukning.<\/p>\n<p data-start=\"807\" data-end=\"885\">En liten men uppskattad detalj som b\u00e5de \u00e4r dekorativ och funktionell i hemmet.<\/p>\n<h3 data-section-id=\"4lt93n\" data-start=\"887\" data-end=\"914\"><span role=\"text\"><strong data-start=\"891\" data-end=\"914\">Produktinformation:<\/strong><\/span><\/h3>\n<ul data-start=\"915\" data-end=\"1174\">\n<li data-section-id=\"mc3pos\" data-start=\"915\" data-end=\"951\">Dekorativ <strong data-start=\"927\" data-end=\"951\">h\u00e5llare f\u00f6r sm\u00f6rkniv<\/strong><\/li>\n<li data-section-id=\"671bn4\" data-start=\"952\" data-end=\"998\">Finns som <strong data-start=\"964\" data-end=\"998\">katt, f\u00e5r, hund, gris och hare<\/strong><\/li>\n<li data-section-id=\"2oey4w\" data-start=\"999\" data-end=\"1019\">S\u00e4ljs <strong data-start=\"1007\" data-end=\"1019\">styckvis<\/strong><\/li>\n<li data-section-id=\"amnjhl\" data-start=\"1020\" data-end=\"1050\"><strong data-start=\"1022\" data-end=\"1050\">Varje djur s\u00e4ljs separat<\/strong><\/li>\n<li data-section-id=\"mcesge\" data-start=\"1051\" data-end=\"1082\">Praktisk och dekorativ design<\/li>\n<li data-section-id=\"1mog889\" data-start=\"1083\" data-end=\"1122\">H\u00e5ller sm\u00f6rkniven upph\u00f6jd fr\u00e5n bordet<\/li>\n<li data-section-id=\"i154jm\" data-start=\"1123\" data-end=\"1174\">Perfekt till frukostbord, ostbricka och servering<\/li>\n<\/ul>\n","protected":false},"featured_media":1083,"template":"","meta":{"wds_primary_product_brand":0,"wds_primary_product_cat":0},"product_brand":[40,39,37],"product_cat":[15,25,28],"product_tag":[],"class_list":{"0":"post-1091","1":"product","2":"type-product","3":"status-publish","4":"has-post-thumbnail","6":"product_brand-dekorativa-ting","7":"product_brand-nyheter","8":"product_brand-pask","9":"product_cat-uncategorized","10":"product_cat-nyheter","11":"product_cat-pask","12":"product_shipping_class-storre-paket","14":"first","15":"instock","16":"taxable","17":"shipping-taxable","18":"purchasable","19":"product-type-variable"},"_links":{"self":[{"href":"https:\/\/vonotterskarummet.se\/index.php?rest_route=\/wp\/v2\/product\/1091","targetHints":{"allow":["GET"]}}],"collection":[{"href":"https:\/\/vonotterskarummet.se\/index.php?rest_route=\/wp\/v2\/product"}],"about":[{"href":"https:\/\/vonotterskarummet.se\/index.php?rest_route=\/wp\/v2\/types\/product"}],"wp:featuredmedia":[{"embeddable":true,"href":"https:\/\/vonotterskarummet.se\/index.php?rest_route=\/wp\/v2\/media\/1083"}],"wp:attachment":[{"href":"https:\/\/vonotterskarummet.se\/index.php?rest_route=%2Fwp%2Fv2%2Fmedia&parent=1091"}],"wp:term":[{"taxonomy":"product_brand","embeddable":true,"href":"https:\/\/vonotterskarummet.se\/index.php?rest_route=%2Fwp%2Fv2%2Fproduct_brand&post=1091"},{"taxonomy":"product_cat","embeddable":true,"href":"https:\/\/vonotterskarummet.se\/index.php?rest_route=%2Fwp%2Fv2%2Fproduct_cat&post=1091"},{"taxonomy":"product_tag","embeddable":true,"href":"https:\/\/vonotterskarummet.se\/index.php?rest_route=%2Fwp%2Fv2%2Fproduct_tag&post=1091"}],"curies":[{"name":"wp","href":"https:\/\/api.w.org\/{rel}","templated":true}]}}