{"id":1105,"date":"2026-03-29T19:21:51","date_gmt":"2026-03-29T17:21:51","guid":{"rendered":"https:\/\/vonotterskarummet.se\/?post_type=product&#038;p=1105"},"modified":"2026-03-29T19:21:51","modified_gmt":"2026-03-29T17:21:51","slug":"orientalisk-svart-metalllykta-med-dekorativt-filigranmonster","status":"publish","type":"product","link":"https:\/\/vonotterskarummet.se\/?product=orientalisk-svart-metalllykta-med-dekorativt-filigranmonster","title":{"rendered":"Orientalisk svart metalllykta med dekorativt filigranm\u00f6nster"},"content":{"rendered":"","protected":false},"excerpt":{"rendered":"<p data-start=\"206\" data-end=\"462\">Elegant och st\u00e4mningsfull dekorlykta i svart metall med vackert utskuret filigranm\u00f6nster i orientalisk\/Moroccan-inspirerad stil. Lyktan har en h\u00f6g, sexkantig form med kupolformat topparti och praktisk ring upptill f\u00f6r enkel f\u00f6rflyttning eller upph\u00e4ngning.<\/p>\n<p data-start=\"464\" data-end=\"611\">Perfekt som inredningsdetalj f\u00f6r vardagsrum, hall, uterum eller p\u00e5 altan. Skapar ett vackert ljusspel n\u00e4r den anv\u00e4nds med blockljus eller LED-ljus.<\/p>\n<p data-start=\"613\" data-end=\"626\"><strong data-start=\"613\" data-end=\"626\">Detaljer:<\/strong><\/p>\n<ul data-start=\"627\" data-end=\"816\">\n<li data-section-id=\"17fl1uv\" data-start=\"627\" data-end=\"640\">F\u00e4rg: Svart<\/li>\n<li data-section-id=\"1bkrdtw\" data-start=\"641\" data-end=\"659\">Material: Metall<\/li>\n<li data-section-id=\"1wq8e0t\" data-start=\"660\" data-end=\"700\">Stil: Orientalisk \/ bohemisk \/ vintage<\/li>\n<li data-section-id=\"12mqr85\" data-start=\"701\" data-end=\"728\">Form: Sexkantig med kupol<\/li>\n<li data-section-id=\"1a6k7xl\" data-start=\"729\" data-end=\"767\">Passar f\u00f6r: Blockljus eller LED-ljus<\/li>\n<li data-section-id=\"56hvf3\" data-start=\"768\" data-end=\"816\">Anv\u00e4ndning: Inomhus eller skyddad utomhusmilj\u00f6<\/li>\n<\/ul>\n","protected":false},"featured_media":1113,"template":"","meta":{"wds_primary_product_brand":0,"wds_primary_product_cat":0},"product_brand":[],"product_cat":[15,34,25],"product_tag":[],"class_list":{"0":"post-1105","1":"product","2":"type-product","3":"status-publish","4":"has-post-thumbnail","6":"product_cat-uncategorized","7":"product_cat-mobler","8":"product_cat-nyheter","9":"product_shipping_class-endast-hamtning","11":"first","12":"instock","13":"taxable","14":"shipping-taxable","15":"purchasable","16":"product-type-simple"},"_links":{"self":[{"href":"https:\/\/vonotterskarummet.se\/index.php?rest_route=\/wp\/v2\/product\/1105","targetHints":{"allow":["GET"]}}],"collection":[{"href":"https:\/\/vonotterskarummet.se\/index.php?rest_route=\/wp\/v2\/product"}],"about":[{"href":"https:\/\/vonotterskarummet.se\/index.php?rest_route=\/wp\/v2\/types\/product"}],"wp:featuredmedia":[{"embeddable":true,"href":"https:\/\/vonotterskarummet.se\/index.php?rest_route=\/wp\/v2\/media\/1113"}],"wp:attachment":[{"href":"https:\/\/vonotterskarummet.se\/index.php?rest_route=%2Fwp%2Fv2%2Fmedia&parent=1105"}],"wp:term":[{"taxonomy":"product_brand","embeddable":true,"href":"https:\/\/vonotterskarummet.se\/index.php?rest_route=%2Fwp%2Fv2%2Fproduct_brand&post=1105"},{"taxonomy":"product_cat","embeddable":true,"href":"https:\/\/vonotterskarummet.se\/index.php?rest_route=%2Fwp%2Fv2%2Fproduct_cat&post=1105"},{"taxonomy":"product_tag","embeddable":true,"href":"https:\/\/vonotterskarummet.se\/index.php?rest_route=%2Fwp%2Fv2%2Fproduct_tag&post=1105"}],"curies":[{"name":"wp","href":"https:\/\/api.w.org\/{rel}","templated":true}]}}