{"id":1193,"date":"2026-04-08T14:31:41","date_gmt":"2026-04-08T12:31:41","guid":{"rendered":"https:\/\/vonotterskarummet.se\/?post_type=product&#038;p=1193"},"modified":"2026-04-08T14:31:42","modified_gmt":"2026-04-08T12:31:42","slug":"stor-glaserad-kruka-urna-gron","status":"publish","type":"product","link":"https:\/\/vonotterskarummet.se\/?product=stor-glaserad-kruka-urna-gron","title":{"rendered":"Stor Glaserad Kruka\/Urna, Gr\u00f6n"},"content":{"rendered":"","protected":false},"excerpt":{"rendered":"<p data-start=\"60\" data-end=\"351\">Vacker <strong data-start=\"92\" data-end=\"128\">stor glaserad kruka \/ Urna<\/strong> i gr\u00f6na och naturf\u00e4rgade toner med levande, rinnande glasyr som ger varje exemplar ett unikt uttryck. Den mjuka, rundade formen tillsammans med den breda \u00f6ppningen och den glansiga ytan skapar en tidl\u00f6s och elegant k\u00e4nsla.<\/p>\n<p data-start=\"353\" data-end=\"564\">Den gener\u00f6sa storleken g\u00f6r den perfekt f\u00f6r st\u00f6rre v\u00e4xter, palmer eller gr\u00f6na arrangemang och den passar lika fint i vardagsrum, hall, uterum eller annan plats d\u00e4r du vill skapa ett ombonat och exklusivt intryck.<\/p>\n<p data-start=\"566\" data-end=\"723\">Den skiftande glasyren i gr\u00f6nt, oliv, brunt och creme ger krukan karakt\u00e4r och g\u00f6r den till ett vackert blickf\u00e5ng i b\u00e5de klassiska och mer personliga milj\u00f6er.<\/p>\n","protected":false},"featured_media":1150,"template":"","meta":{"wds_primary_product_brand":0,"wds_primary_product_cat":0},"product_brand":[],"product_cat":[15,34,25],"product_tag":[],"class_list":{"0":"post-1193","1":"product","2":"type-product","3":"status-publish","4":"has-post-thumbnail","6":"product_cat-uncategorized","7":"product_cat-mobler","8":"product_cat-nyheter","9":"product_shipping_class-endast-hamtning","11":"first","12":"instock","13":"taxable","14":"shipping-taxable","15":"purchasable","16":"product-type-simple"},"_links":{"self":[{"href":"https:\/\/vonotterskarummet.se\/index.php?rest_route=\/wp\/v2\/product\/1193","targetHints":{"allow":["GET"]}}],"collection":[{"href":"https:\/\/vonotterskarummet.se\/index.php?rest_route=\/wp\/v2\/product"}],"about":[{"href":"https:\/\/vonotterskarummet.se\/index.php?rest_route=\/wp\/v2\/types\/product"}],"wp:featuredmedia":[{"embeddable":true,"href":"https:\/\/vonotterskarummet.se\/index.php?rest_route=\/wp\/v2\/media\/1150"}],"wp:attachment":[{"href":"https:\/\/vonotterskarummet.se\/index.php?rest_route=%2Fwp%2Fv2%2Fmedia&parent=1193"}],"wp:term":[{"taxonomy":"product_brand","embeddable":true,"href":"https:\/\/vonotterskarummet.se\/index.php?rest_route=%2Fwp%2Fv2%2Fproduct_brand&post=1193"},{"taxonomy":"product_cat","embeddable":true,"href":"https:\/\/vonotterskarummet.se\/index.php?rest_route=%2Fwp%2Fv2%2Fproduct_cat&post=1193"},{"taxonomy":"product_tag","embeddable":true,"href":"https:\/\/vonotterskarummet.se\/index.php?rest_route=%2Fwp%2Fv2%2Fproduct_tag&post=1193"}],"curies":[{"name":"wp","href":"https:\/\/api.w.org\/{rel}","templated":true}]}}