{"id":1222,"date":"2026-04-14T20:40:02","date_gmt":"2026-04-14T18:40:02","guid":{"rendered":"https:\/\/vonotterskarummet.se\/?post_type=product&#038;p=1222"},"modified":"2026-04-14T20:40:03","modified_gmt":"2026-04-14T18:40:03","slug":"antikt-par-kandelabrar-i-brons-marmor","status":"publish","type":"product","link":"https:\/\/vonotterskarummet.se\/?product=antikt-par-kandelabrar-i-brons-marmor","title":{"rendered":"Antikt par kandelabrar i brons &#038; marmor"},"content":{"rendered":"","protected":false},"excerpt":{"rendered":"<p>Antikt par kandelabrar i brons &amp; marmor \u2013 fransk\/nyklassicistisk stil ca 1900 Ett elegant och dekorativt par antika kandelabrar i klassisk fransk\/nyklassicistisk stil, daterade till omkring sekelskiftet 1900. Kandelabrarna \u00e4r rikt utformade med fem ljusarmar vardera, vackra volutdetaljer och urnformad stam. De vilar p\u00e5 gedigna baser i sten (marmor\/alabaster), vilket ger b\u00e5de tyngd och exklusiv k\u00e4nsla. Den m\u00f6rka patinan i metallen tillsammans med stenbasen skapar ett mycket stilfullt och tidl\u00f6st uttryck \u2013 perfekta som blickf\u00e5ng p\u00e5 matbord, sideboard eller i en klassisk interi\u00f6r.<\/p>\n<p>Detaljer: &#8211; S\u00e4ljs som par &#8211; Material: brons\/m\u00e4ssing samt marmor\/alabaster &#8211; Stil: fransk \/ nyklassicism (empire-inspirerad) &#8211; Antal ljus: 5 per kandelaber &#8211; Period: ca 1880\u20131910 Skick: Bra antikt skick med \u00e5ldersrelaterat slitage, patina och mindre brukssp\u00e5r som bidrar till karakt\u00e4ren. Stabil konstruktion.<\/p>\n","protected":false},"featured_media":1249,"template":"","meta":{"wds_primary_product_brand":0,"wds_primary_product_cat":0},"product_brand":[],"product_cat":[24,15,34,25],"product_tag":[],"class_list":{"0":"post-1222","1":"product","2":"type-product","3":"status-publish","4":"has-post-thumbnail","6":"product_cat-antikviteter","7":"product_cat-uncategorized","8":"product_cat-mobler","9":"product_cat-nyheter","10":"product_shipping_class-endast-hamtning","12":"first","13":"instock","14":"taxable","15":"shipping-taxable","16":"purchasable","17":"product-type-simple"},"_links":{"self":[{"href":"https:\/\/vonotterskarummet.se\/index.php?rest_route=\/wp\/v2\/product\/1222","targetHints":{"allow":["GET"]}}],"collection":[{"href":"https:\/\/vonotterskarummet.se\/index.php?rest_route=\/wp\/v2\/product"}],"about":[{"href":"https:\/\/vonotterskarummet.se\/index.php?rest_route=\/wp\/v2\/types\/product"}],"wp:featuredmedia":[{"embeddable":true,"href":"https:\/\/vonotterskarummet.se\/index.php?rest_route=\/wp\/v2\/media\/1249"}],"wp:attachment":[{"href":"https:\/\/vonotterskarummet.se\/index.php?rest_route=%2Fwp%2Fv2%2Fmedia&parent=1222"}],"wp:term":[{"taxonomy":"product_brand","embeddable":true,"href":"https:\/\/vonotterskarummet.se\/index.php?rest_route=%2Fwp%2Fv2%2Fproduct_brand&post=1222"},{"taxonomy":"product_cat","embeddable":true,"href":"https:\/\/vonotterskarummet.se\/index.php?rest_route=%2Fwp%2Fv2%2Fproduct_cat&post=1222"},{"taxonomy":"product_tag","embeddable":true,"href":"https:\/\/vonotterskarummet.se\/index.php?rest_route=%2Fwp%2Fv2%2Fproduct_tag&post=1222"}],"curies":[{"name":"wp","href":"https:\/\/api.w.org\/{rel}","templated":true}]}}