{"id":1281,"date":"2026-04-16T16:10:08","date_gmt":"2026-04-16T14:10:08","guid":{"rendered":"https:\/\/vonotterskarummet.se\/?post_type=product&#038;p=1281"},"modified":"2026-04-16T16:21:43","modified_gmt":"2026-04-16T14:21:43","slug":"terracottakrukor-i-tre-storlekar","status":"publish","type":"product","link":"https:\/\/vonotterskarummet.se\/?product=terracottakrukor-i-tre-storlekar","title":{"rendered":"Terracottakrukor i tre storlekar"},"content":{"rendered":"","protected":false},"excerpt":{"rendered":"<p data-start=\"64\" data-end=\"311\">Dekorativa <strong data-start=\"100\" data-end=\"142\">terracottakrukor i tre olika storlekar<\/strong> med vackert reliefm\u00f6nster av blommor och girlander. Klassiska och tidl\u00f6sa krukor som passar lika fint p\u00e5 terrass, i orangeri, v\u00e4xthus eller som stilfull detalj inomhus.<\/p>\n<p data-start=\"313\" data-end=\"594\">Krukorna har en varm, naturlig terracottaton med mjuk patina som ger ett levande och charmigt uttryck. De tre storlekarna g\u00f6r dem fina att placera tillsammans som grupp, men de fungerar \u00e4ven utm\u00e4rkt var f\u00f6r sig f\u00f6r att skapa variation och niv\u00e5skillnad i plantering eller inredning.<\/p>\n<p data-start=\"596\" data-end=\"711\">Passar perfekt f\u00f6r olivtr\u00e4d, lavendel, citrus, s\u00e4songsblommor eller som dekorativa urnor i klassisk tr\u00e4dg\u00e5rdsmilj\u00f6.<\/p>\n<p data-start=\"713\" data-end=\"959\"><strong data-start=\"713\" data-end=\"723\">Skick:<\/strong> Fint bruksskick med naturlig patina, mindre m\u00e4rken, f\u00e4rgskiftningar och visst ytslitage. Sm\u00e5 nagg och oj\u00e4mnheter kan f\u00f6rekomma, vilket \u00e4r vanligt f\u00f6r terracotta och bidrar till det rustika och dekorativa uttrycket. Fint helhetsintryck.<\/p>\n","protected":false},"featured_media":1274,"template":"","meta":{"wds_primary_product_brand":0,"wds_primary_product_cat":0},"product_brand":[],"product_cat":[15,34,25,23],"product_tag":[],"class_list":{"0":"post-1281","1":"product","2":"type-product","3":"status-publish","4":"has-post-thumbnail","6":"product_cat-uncategorized","7":"product_cat-mobler","8":"product_cat-nyheter","9":"product_cat-sista-chansen","10":"product_shipping_class-endast-hamtning","12":"first","13":"instock","14":"sale","15":"taxable","16":"shipping-taxable","17":"purchasable","18":"product-type-variable"},"_links":{"self":[{"href":"https:\/\/vonotterskarummet.se\/index.php?rest_route=\/wp\/v2\/product\/1281","targetHints":{"allow":["GET"]}}],"collection":[{"href":"https:\/\/vonotterskarummet.se\/index.php?rest_route=\/wp\/v2\/product"}],"about":[{"href":"https:\/\/vonotterskarummet.se\/index.php?rest_route=\/wp\/v2\/types\/product"}],"wp:featuredmedia":[{"embeddable":true,"href":"https:\/\/vonotterskarummet.se\/index.php?rest_route=\/wp\/v2\/media\/1274"}],"wp:attachment":[{"href":"https:\/\/vonotterskarummet.se\/index.php?rest_route=%2Fwp%2Fv2%2Fmedia&parent=1281"}],"wp:term":[{"taxonomy":"product_brand","embeddable":true,"href":"https:\/\/vonotterskarummet.se\/index.php?rest_route=%2Fwp%2Fv2%2Fproduct_brand&post=1281"},{"taxonomy":"product_cat","embeddable":true,"href":"https:\/\/vonotterskarummet.se\/index.php?rest_route=%2Fwp%2Fv2%2Fproduct_cat&post=1281"},{"taxonomy":"product_tag","embeddable":true,"href":"https:\/\/vonotterskarummet.se\/index.php?rest_route=%2Fwp%2Fv2%2Fproduct_tag&post=1281"}],"curies":[{"name":"wp","href":"https:\/\/api.w.org\/{rel}","templated":true}]}}