{"id":433,"date":"2026-02-25T19:38:57","date_gmt":"2026-02-25T18:38:57","guid":{"rendered":"https:\/\/vonotterskarummet.se\/?post_type=product&#038;p=433"},"modified":"2026-02-25T19:38:57","modified_gmt":"2026-02-25T18:38:57","slug":"filippa-bordsunderlagg-svart","status":"publish","type":"product","link":"https:\/\/vonotterskarummet.se\/?product=filippa-bordsunderlagg-svart","title":{"rendered":"Filippa bordsunderl\u00e4gg svart"},"content":{"rendered":"","protected":false},"excerpt":{"rendered":"<p>Runt bordsunderl\u00e4gg i pappersraffia, med en vacker design som lyfter b\u00e5de vardagsmiddagen och festm\u00e5ltiden.<\/p>\n","protected":false},"featured_media":434,"template":"","meta":{"wds_primary_product_brand":0,"wds_primary_product_cat":0},"product_brand":[],"product_cat":[15],"product_tag":[],"class_list":{"0":"post-433","1":"product","2":"type-product","3":"status-publish","4":"has-post-thumbnail","6":"product_cat-uncategorized","7":"product_shipping_class-endast-hamtning","9":"first","10":"instock","11":"taxable","12":"shipping-taxable","13":"product-type-simple"},"_links":{"self":[{"href":"https:\/\/vonotterskarummet.se\/index.php?rest_route=\/wp\/v2\/product\/433","targetHints":{"allow":["GET"]}}],"collection":[{"href":"https:\/\/vonotterskarummet.se\/index.php?rest_route=\/wp\/v2\/product"}],"about":[{"href":"https:\/\/vonotterskarummet.se\/index.php?rest_route=\/wp\/v2\/types\/product"}],"wp:featuredmedia":[{"embeddable":true,"href":"https:\/\/vonotterskarummet.se\/index.php?rest_route=\/wp\/v2\/media\/434"}],"wp:attachment":[{"href":"https:\/\/vonotterskarummet.se\/index.php?rest_route=%2Fwp%2Fv2%2Fmedia&parent=433"}],"wp:term":[{"taxonomy":"product_brand","embeddable":true,"href":"https:\/\/vonotterskarummet.se\/index.php?rest_route=%2Fwp%2Fv2%2Fproduct_brand&post=433"},{"taxonomy":"product_cat","embeddable":true,"href":"https:\/\/vonotterskarummet.se\/index.php?rest_route=%2Fwp%2Fv2%2Fproduct_cat&post=433"},{"taxonomy":"product_tag","embeddable":true,"href":"https:\/\/vonotterskarummet.se\/index.php?rest_route=%2Fwp%2Fv2%2Fproduct_tag&post=433"}],"curies":[{"name":"wp","href":"https:\/\/api.w.org\/{rel}","templated":true}]}}