{"id":718,"date":"2026-03-19T15:24:43","date_gmt":"2026-03-19T14:24:43","guid":{"rendered":"https:\/\/vonotterskarummet.se\/?post_type=product&#038;p=718"},"modified":"2026-04-08T13:21:18","modified_gmt":"2026-04-08T11:21:18","slug":"dekorativ-krokus-i-kruka","status":"publish","type":"product","link":"https:\/\/vonotterskarummet.se\/?product=dekorativ-krokus-i-kruka","title":{"rendered":"Dekorativ Krokus i Kruka"},"content":{"rendered":"","protected":false},"excerpt":{"rendered":"<p data-start=\"571\" data-end=\"795\">Skapa en h\u00e4rlig v\u00e5rk\u00e4nsla i hemmet med denna naturtrogna <strong data-start=\"628\" data-end=\"658\">konstgjorda krokus i kruka<\/strong>. Med sina fina blomblad, friska gr\u00f6na blad och dekorativa svarta kruka blir den en stilfull detalj i b\u00e5de hem, butik och skyltf\u00f6nster.<\/p>\n<p data-start=\"797\" data-end=\"1007\">Perfekt som v\u00e5r- och p\u00e5skdekoration p\u00e5 bord, hylla, f\u00f6nsterbr\u00e4da eller i ett st\u00f6rre blomsterarrangemang. Den konstgjorda krokusen ger ett levande och fr\u00e4scht intryck \u2013 helt utan behov av vatten eller sk\u00f6tsel.<\/p>\n<p data-start=\"1009\" data-end=\"1118\">Finns i flera vackra f\u00e4rger och passar lika bra ensam som i grupp f\u00f6r en mer fyllig och f\u00e4rgstark dekoration.<\/p>\n","protected":false},"featured_media":719,"template":"","meta":{"wds_primary_product_brand":0,"wds_primary_product_cat":0},"product_brand":[],"product_cat":[15,28],"product_tag":[],"class_list":{"0":"post-718","1":"product","2":"type-product","3":"status-publish","4":"has-post-thumbnail","6":"product_cat-uncategorized","7":"product_cat-pask","8":"product_shipping_class-storre-paket","10":"first","11":"instock","12":"taxable","13":"shipping-taxable","14":"product-type-variable"},"_links":{"self":[{"href":"https:\/\/vonotterskarummet.se\/index.php?rest_route=\/wp\/v2\/product\/718","targetHints":{"allow":["GET"]}}],"collection":[{"href":"https:\/\/vonotterskarummet.se\/index.php?rest_route=\/wp\/v2\/product"}],"about":[{"href":"https:\/\/vonotterskarummet.se\/index.php?rest_route=\/wp\/v2\/types\/product"}],"wp:featuredmedia":[{"embeddable":true,"href":"https:\/\/vonotterskarummet.se\/index.php?rest_route=\/wp\/v2\/media\/719"}],"wp:attachment":[{"href":"https:\/\/vonotterskarummet.se\/index.php?rest_route=%2Fwp%2Fv2%2Fmedia&parent=718"}],"wp:term":[{"taxonomy":"product_brand","embeddable":true,"href":"https:\/\/vonotterskarummet.se\/index.php?rest_route=%2Fwp%2Fv2%2Fproduct_brand&post=718"},{"taxonomy":"product_cat","embeddable":true,"href":"https:\/\/vonotterskarummet.se\/index.php?rest_route=%2Fwp%2Fv2%2Fproduct_cat&post=718"},{"taxonomy":"product_tag","embeddable":true,"href":"https:\/\/vonotterskarummet.se\/index.php?rest_route=%2Fwp%2Fv2%2Fproduct_tag&post=718"}],"curies":[{"name":"wp","href":"https:\/\/api.w.org\/{rel}","templated":true}]}}