{"id":757,"date":"2026-03-22T16:26:28","date_gmt":"2026-03-22T15:26:28","guid":{"rendered":"https:\/\/vonotterskarummet.se\/?post_type=product&#038;p=757"},"modified":"2026-04-08T13:21:15","modified_gmt":"2026-04-08T11:21:15","slug":"hangande-hona-i-keramik","status":"publish","type":"product","link":"https:\/\/vonotterskarummet.se\/?product=hangande-hona-i-keramik","title":{"rendered":"H\u00e4ngande H\u00f6na i Keramik"},"content":{"rendered":"","protected":false},"excerpt":{"rendered":"<p data-start=\"410\" data-end=\"616\">Charmig <strong data-start=\"418\" data-end=\"445\">h\u00e4ngande h\u00f6na i keramik<\/strong> som finns i <strong data-start=\"458\" data-end=\"481\">tv\u00e5 olika varianter<\/strong>. En s\u00f6t och dekorativ detalj som passar perfekt i p\u00e5skris, p\u00e5 grenar, i f\u00f6nster eller som en del av v\u00e5rens och p\u00e5skens dekorationer.<\/p>\n<p data-start=\"618\" data-end=\"908\">Med sin stilrena form och blanka yta blir h\u00f6nan ett fint inslag i b\u00e5de klassisk och modern inredningsstil. De tv\u00e5 olika varianterna g\u00f6r det enkelt att skapa ett levande och personligt uttryck, antingen genom att v\u00e4lja en favorit eller kombinera b\u00e5da tillsammans i ett vackert arrangemang.<\/p>\n<p data-start=\"910\" data-end=\"999\">En liten men effektfull dekoration som tillf\u00f6r en mjuk och inbjudande v\u00e5rk\u00e4nsla i hemmet.<\/p>\n","protected":false},"featured_media":758,"template":"","meta":{"wds_primary_product_brand":0,"wds_primary_product_cat":0},"product_brand":[],"product_cat":[15,25,28],"product_tag":[],"class_list":{"0":"post-757","1":"product","2":"type-product","3":"status-publish","4":"has-post-thumbnail","6":"product_cat-uncategorized","7":"product_cat-nyheter","8":"product_cat-pask","9":"product_shipping_class-storre-paket","11":"first","12":"instock","13":"taxable","14":"shipping-taxable","15":"purchasable","16":"product-type-variable"},"_links":{"self":[{"href":"https:\/\/vonotterskarummet.se\/index.php?rest_route=\/wp\/v2\/product\/757","targetHints":{"allow":["GET"]}}],"collection":[{"href":"https:\/\/vonotterskarummet.se\/index.php?rest_route=\/wp\/v2\/product"}],"about":[{"href":"https:\/\/vonotterskarummet.se\/index.php?rest_route=\/wp\/v2\/types\/product"}],"wp:featuredmedia":[{"embeddable":true,"href":"https:\/\/vonotterskarummet.se\/index.php?rest_route=\/wp\/v2\/media\/758"}],"wp:attachment":[{"href":"https:\/\/vonotterskarummet.se\/index.php?rest_route=%2Fwp%2Fv2%2Fmedia&parent=757"}],"wp:term":[{"taxonomy":"product_brand","embeddable":true,"href":"https:\/\/vonotterskarummet.se\/index.php?rest_route=%2Fwp%2Fv2%2Fproduct_brand&post=757"},{"taxonomy":"product_cat","embeddable":true,"href":"https:\/\/vonotterskarummet.se\/index.php?rest_route=%2Fwp%2Fv2%2Fproduct_cat&post=757"},{"taxonomy":"product_tag","embeddable":true,"href":"https:\/\/vonotterskarummet.se\/index.php?rest_route=%2Fwp%2Fv2%2Fproduct_tag&post=757"}],"curies":[{"name":"wp","href":"https:\/\/api.w.org\/{rel}","templated":true}]}}