{"id":846,"date":"2026-03-22T19:19:32","date_gmt":"2026-03-22T18:19:32","guid":{"rendered":"https:\/\/vonotterskarummet.se\/?post_type=product&#038;p=846"},"modified":"2026-04-08T13:21:14","modified_gmt":"2026-04-08T11:21:14","slug":"upplaggningsfat-i-klassisk-dekor-svart-rod-eller-bla","status":"publish","type":"product","link":"https:\/\/vonotterskarummet.se\/?product=upplaggningsfat-i-klassisk-dekor-svart-rod-eller-bla","title":{"rendered":"Uppl\u00e4ggningsfat i klassisk dekor \u2013 svart, r\u00f6d eller bl\u00e5"},"content":{"rendered":"","protected":false},"excerpt":{"rendered":"<p data-start=\"299\" data-end=\"563\">Elegant uppl\u00e4ggningsfat i porslin med klassisk dekor och vackra ornamenterade detaljer. Fatet finns i <strong data-start=\"401\" data-end=\"441\">tre olika f\u00e4rger: svart, r\u00f6d och bl\u00e5<\/strong>, vilket g\u00f6r det perfekt att matcha med \u00f6vriga delar i serien eller anv\u00e4nda som ett dekorativt serveringsfat p\u00e5 egen hand.<\/p>\n<p data-start=\"565\" data-end=\"785\">Den gener\u00f6sa formen g\u00f6r fatet idealiskt f\u00f6r servering av bakverk, sm\u00f6rg\u00e5sar, frukt, sm\u00e5kakor eller andra tilltugg. Den detaljrika dekoren ger en stilfull och tidl\u00f6s k\u00e4nsla som passar b\u00e5de vardag och festligare dukningar.<\/p>\n<p data-start=\"787\" data-end=\"800\"><strong data-start=\"787\" data-end=\"800\">Detaljer:<\/strong><\/p>\n<ul data-start=\"801\" data-end=\"1005\">\n<li data-section-id=\"15tn887\" data-start=\"801\" data-end=\"830\">Uppl\u00e4ggningsfat i porslin<\/li>\n<li data-section-id=\"12xel63\" data-start=\"831\" data-end=\"871\">Finns i <strong data-start=\"841\" data-end=\"869\">svart, r\u00f6d och bl\u00e5 dekor<\/strong><\/li>\n<li data-section-id=\"1stdw9g\" data-start=\"872\" data-end=\"905\">Klassisk och dekorativ design<\/li>\n<li data-section-id=\"1uf0uuw\" data-start=\"906\" data-end=\"958\">Perfekt f\u00f6r servering eller som dekorativ detalj<\/li>\n<li data-section-id=\"2usaxt\" data-start=\"959\" data-end=\"1005\">Passar fint ihop med \u00f6vriga delar i serien<\/li>\n<\/ul>\n<p data-start=\"1007\" data-end=\"1038\"><strong data-start=\"1007\" data-end=\"1017\">Skick:<\/strong><br data-start=\"1017\" data-end=\"1020\" \/>Mycket fint skick.<\/p>\n","protected":false},"featured_media":834,"template":"","meta":{"wds_primary_product_brand":0,"wds_primary_product_cat":0},"product_brand":[],"product_cat":[15,25],"product_tag":[],"class_list":{"0":"post-846","1":"product","2":"type-product","3":"status-publish","4":"has-post-thumbnail","6":"product_cat-uncategorized","7":"product_cat-nyheter","8":"product_shipping_class-storre-paket","10":"first","11":"instock","12":"taxable","13":"shipping-taxable","14":"purchasable","15":"product-type-variable"},"_links":{"self":[{"href":"https:\/\/vonotterskarummet.se\/index.php?rest_route=\/wp\/v2\/product\/846","targetHints":{"allow":["GET"]}}],"collection":[{"href":"https:\/\/vonotterskarummet.se\/index.php?rest_route=\/wp\/v2\/product"}],"about":[{"href":"https:\/\/vonotterskarummet.se\/index.php?rest_route=\/wp\/v2\/types\/product"}],"wp:featuredmedia":[{"embeddable":true,"href":"https:\/\/vonotterskarummet.se\/index.php?rest_route=\/wp\/v2\/media\/834"}],"wp:attachment":[{"href":"https:\/\/vonotterskarummet.se\/index.php?rest_route=%2Fwp%2Fv2%2Fmedia&parent=846"}],"wp:term":[{"taxonomy":"product_brand","embeddable":true,"href":"https:\/\/vonotterskarummet.se\/index.php?rest_route=%2Fwp%2Fv2%2Fproduct_brand&post=846"},{"taxonomy":"product_cat","embeddable":true,"href":"https:\/\/vonotterskarummet.se\/index.php?rest_route=%2Fwp%2Fv2%2Fproduct_cat&post=846"},{"taxonomy":"product_tag","embeddable":true,"href":"https:\/\/vonotterskarummet.se\/index.php?rest_route=%2Fwp%2Fv2%2Fproduct_tag&post=846"}],"curies":[{"name":"wp","href":"https:\/\/api.w.org\/{rel}","templated":true}]}}