{"id":850,"date":"2026-03-22T19:23:09","date_gmt":"2026-03-22T18:23:09","guid":{"rendered":"https:\/\/vonotterskarummet.se\/?post_type=product&#038;p=850"},"modified":"2026-04-08T13:21:14","modified_gmt":"2026-04-08T11:21:14","slug":"serveringsskal-i-klassisk-dekor-svart-rod-eller-bla","status":"publish","type":"product","link":"https:\/\/vonotterskarummet.se\/?product=serveringsskal-i-klassisk-dekor-svart-rod-eller-bla","title":{"rendered":"Serveringssk\u00e5l i klassisk dekor \u2013 svart, r\u00f6d eller bl\u00e5"},"content":{"rendered":"","protected":false},"excerpt":{"rendered":"<p data-start=\"1424\" data-end=\"1670\">Elegant serveringssk\u00e5l i porslin med klassisk dekor och dekorativt landskapsmotiv. Finns i <strong data-start=\"1515\" data-end=\"1555\">tre olika f\u00e4rger: svart, r\u00f6d och bl\u00e5<\/strong>, vilket g\u00f6r den l\u00e4tt att kombinera med \u00f6vriga delar i serien eller anv\u00e4nda som ett vackert blickf\u00e5ng p\u00e5 egen hand.<\/p>\n<p data-start=\"1672\" data-end=\"1854\">Sk\u00e5len passar perfekt f\u00f6r servering av godis, n\u00f6tter, b\u00e4r, dessert, tillbeh\u00f6r eller mindre r\u00e4tter. Den mjuka formen och den detaljrika dekoren ger ett stilrent och exklusivt uttryck.<\/p>\n<p data-start=\"1856\" data-end=\"1869\"><strong data-start=\"1856\" data-end=\"1869\">Detaljer:<\/strong><\/p>\n<ul data-start=\"1870\" data-end=\"2068\">\n<li data-section-id=\"130no1f\" data-start=\"1870\" data-end=\"1898\">Serveringssk\u00e5l i porslin<\/li>\n<li data-section-id=\"12xel63\" data-start=\"1899\" data-end=\"1939\">Finns i <strong data-start=\"1909\" data-end=\"1937\">svart, r\u00f6d och bl\u00e5 dekor<\/strong><\/li>\n<li data-section-id=\"oh06s9\" data-start=\"1940\" data-end=\"1971\">Klassisk och elegant design<\/li>\n<li data-section-id=\"1puwhk4\" data-start=\"1972\" data-end=\"2023\">Passar till servering, dessert eller dekoration<\/li>\n<li data-section-id=\"1soscn1\" data-start=\"2024\" data-end=\"2068\">Fin b\u00e5de styckvis och som del av ett set<\/li>\n<\/ul>\n<p data-start=\"2070\" data-end=\"2101\">\n","protected":false},"featured_media":840,"template":"","meta":{"wds_primary_product_brand":0,"wds_primary_product_cat":0},"product_brand":[],"product_cat":[15,25],"product_tag":[],"class_list":{"0":"post-850","1":"product","2":"type-product","3":"status-publish","4":"has-post-thumbnail","6":"product_cat-uncategorized","7":"product_cat-nyheter","8":"product_shipping_class-storre-paket","10":"first","11":"instock","12":"taxable","13":"shipping-taxable","14":"purchasable","15":"product-type-variable"},"_links":{"self":[{"href":"https:\/\/vonotterskarummet.se\/index.php?rest_route=\/wp\/v2\/product\/850","targetHints":{"allow":["GET"]}}],"collection":[{"href":"https:\/\/vonotterskarummet.se\/index.php?rest_route=\/wp\/v2\/product"}],"about":[{"href":"https:\/\/vonotterskarummet.se\/index.php?rest_route=\/wp\/v2\/types\/product"}],"wp:featuredmedia":[{"embeddable":true,"href":"https:\/\/vonotterskarummet.se\/index.php?rest_route=\/wp\/v2\/media\/840"}],"wp:attachment":[{"href":"https:\/\/vonotterskarummet.se\/index.php?rest_route=%2Fwp%2Fv2%2Fmedia&parent=850"}],"wp:term":[{"taxonomy":"product_brand","embeddable":true,"href":"https:\/\/vonotterskarummet.se\/index.php?rest_route=%2Fwp%2Fv2%2Fproduct_brand&post=850"},{"taxonomy":"product_cat","embeddable":true,"href":"https:\/\/vonotterskarummet.se\/index.php?rest_route=%2Fwp%2Fv2%2Fproduct_cat&post=850"},{"taxonomy":"product_tag","embeddable":true,"href":"https:\/\/vonotterskarummet.se\/index.php?rest_route=%2Fwp%2Fv2%2Fproduct_tag&post=850"}],"curies":[{"name":"wp","href":"https:\/\/api.w.org\/{rel}","templated":true}]}}