{"id":894,"date":"2026-03-23T12:48:17","date_gmt":"2026-03-23T11:48:17","guid":{"rendered":"https:\/\/vonotterskarummet.se\/?post_type=product&#038;p=894"},"modified":"2026-03-23T12:48:18","modified_gmt":"2026-03-23T11:48:18","slug":"satsbord-i-glas-och-massingsfargad-metall-set-om-3","status":"publish","type":"product","link":"https:\/\/vonotterskarummet.se\/?product=satsbord-i-glas-och-massingsfargad-metall-set-om-3","title":{"rendered":"satsbord i glas och m\u00e4ssingsf\u00e4rgad metall \u2013 set om 3"},"content":{"rendered":"","protected":false},"excerpt":{"rendered":"<p data-start=\"357\" data-end=\"597\">Elegant och stilfullt set om tre satsbord i glas och m\u00e4ssingsf\u00e4rgad metall, ink\u00f6pta i <strong data-start=\"443\" data-end=\"456\">Frankrike<\/strong>. Borden har en tidl\u00f6s och sofistikerad design med rena linjer, slanka ben och dekorativa detaljer som ger ett luftigt men exklusivt uttryck.<\/p>\n<p data-start=\"599\" data-end=\"851\">De transparenta glasskivorna tillsammans med den varma metalltonen g\u00f6r att borden passar perfekt i b\u00e5de klassisk, modern och elegant inredning. Anv\u00e4nd dem tillsammans som satsbord i vardagsrum eller separat som sidobord, lampbord eller avlastningsbord.<\/p>\n<p data-start=\"853\" data-end=\"980\">Den franska k\u00e4nslan och den n\u00e4tta konstruktionen g\u00f6r dem till mycket dekorativa m\u00f6bler som samtidigt \u00e4r praktiska och flexibla.<\/p>\n<p data-start=\"982\" data-end=\"995\"><strong data-start=\"982\" data-end=\"995\">Detaljer:<\/strong><\/p>\n<ul data-start=\"996\" data-end=\"1248\">\n<li data-section-id=\"y30k39\" data-start=\"996\" data-end=\"1021\">Set om <strong data-start=\"1005\" data-end=\"1019\">3 satsbord<\/strong><\/li>\n<li data-section-id=\"yc2gdn\" data-start=\"1022\" data-end=\"1036\">Glasskivor<\/li>\n<li data-section-id=\"grhuku\" data-start=\"1037\" data-end=\"1090\">M\u00e4ssingsf\u00e4rgad \/ antikm\u00e4ssingsf\u00e4rgad metallstomme<\/li>\n<li data-section-id=\"1by4m9h\" data-start=\"1091\" data-end=\"1119\">Slank och elegant design<\/li>\n<li data-section-id=\"9s954\" data-start=\"1120\" data-end=\"1162\">Kan anv\u00e4ndas tillsammans eller separat<\/li>\n<li data-section-id=\"ns7zd3\" data-start=\"1163\" data-end=\"1220\">Perfekta som sidobord, lampbord eller avlastningsbord<\/li>\n<li data-section-id=\"193gt17\" data-start=\"1221\" data-end=\"1248\">Ink\u00f6pta i <strong data-start=\"1233\" data-end=\"1246\">Frankrike<\/strong><\/li>\n<\/ul>\n<p data-start=\"1250\" data-end=\"1347\"><strong data-start=\"1250\" data-end=\"1260\">Skick:<\/strong><br data-start=\"1260\" data-end=\"1263\" \/>Mycket fint skick med normalt l\u00e4tt bruksslitage i enlighet med \u00e5lder och anv\u00e4ndning.<\/p>\n","protected":false},"featured_media":888,"template":"","meta":{"wds_primary_product_brand":0,"wds_primary_product_cat":0},"product_brand":[],"product_cat":[24,15,25],"product_tag":[],"class_list":{"0":"post-894","1":"product","2":"type-product","3":"status-publish","4":"has-post-thumbnail","6":"product_cat-antikviteter","7":"product_cat-uncategorized","8":"product_cat-nyheter","9":"product_shipping_class-endast-hamtning","11":"first","12":"instock","13":"taxable","14":"shipping-taxable","15":"purchasable","16":"product-type-simple"},"_links":{"self":[{"href":"https:\/\/vonotterskarummet.se\/index.php?rest_route=\/wp\/v2\/product\/894","targetHints":{"allow":["GET"]}}],"collection":[{"href":"https:\/\/vonotterskarummet.se\/index.php?rest_route=\/wp\/v2\/product"}],"about":[{"href":"https:\/\/vonotterskarummet.se\/index.php?rest_route=\/wp\/v2\/types\/product"}],"wp:featuredmedia":[{"embeddable":true,"href":"https:\/\/vonotterskarummet.se\/index.php?rest_route=\/wp\/v2\/media\/888"}],"wp:attachment":[{"href":"https:\/\/vonotterskarummet.se\/index.php?rest_route=%2Fwp%2Fv2%2Fmedia&parent=894"}],"wp:term":[{"taxonomy":"product_brand","embeddable":true,"href":"https:\/\/vonotterskarummet.se\/index.php?rest_route=%2Fwp%2Fv2%2Fproduct_brand&post=894"},{"taxonomy":"product_cat","embeddable":true,"href":"https:\/\/vonotterskarummet.se\/index.php?rest_route=%2Fwp%2Fv2%2Fproduct_cat&post=894"},{"taxonomy":"product_tag","embeddable":true,"href":"https:\/\/vonotterskarummet.se\/index.php?rest_route=%2Fwp%2Fv2%2Fproduct_tag&post=894"}],"curies":[{"name":"wp","href":"https:\/\/api.w.org\/{rel}","templated":true}]}}