{"id":896,"date":"2026-03-23T12:51:46","date_gmt":"2026-03-23T11:51:46","guid":{"rendered":"https:\/\/vonotterskarummet.se\/?post_type=product&#038;p=896"},"modified":"2026-04-08T13:21:07","modified_gmt":"2026-04-08T11:21:07","slug":"dekorativa-bokstod-med-vingar","status":"publish","type":"product","link":"https:\/\/vonotterskarummet.se\/?product=dekorativa-bokstod-med-vingar","title":{"rendered":"Dekorativa bokst\u00f6d med vingar"},"content":{"rendered":"","protected":false},"excerpt":{"rendered":"<p data-start=\"198\" data-end=\"382\">Dekorativt och stilfullt bokst\u00f6d i form av en vinge med vackert arbetad fj\u00e4derstruktur och elegant antikf\u00e4rgad finish. Detta bokst\u00f6d s\u00e4ljs <strong data-start=\"337\" data-end=\"357\">separat\/styckvis<\/strong> och \u00e4r i <strong data-start=\"367\" data-end=\"381\">nytt skick<\/strong>.<\/p>\n<p data-start=\"384\" data-end=\"675\">Den skulpturala formen g\u00f6r det till b\u00e5de ett praktiskt bokst\u00f6d och en dekorativ inredningsdetalj som passar lika fint i bokhylla, p\u00e5 skrivbord, konsolbord eller i ett bibliotek. Den klassiska designen ger ett exklusivt uttryck och passar b\u00e5de modern, klassisk och hotellinspirerad inredning.<\/p>\n<p data-start=\"677\" data-end=\"752\">Perfekt att anv\u00e4nda ensam eller kombinera tv\u00e5 stycken f\u00f6r ett komplett par.<\/p>\n<p data-start=\"754\" data-end=\"767\"><strong data-start=\"754\" data-end=\"767\">Detaljer:<\/strong><\/p>\n<ul data-start=\"768\" data-end=\"1034\">\n<li data-section-id=\"pbzt7j\" data-start=\"768\" data-end=\"798\"><strong data-start=\"770\" data-end=\"798\">S\u00e4ljs separat \/ styckvis<\/strong><\/li>\n<li data-section-id=\"6sqta7\" data-start=\"799\" data-end=\"836\">Dekorativt <strong data-start=\"812\" data-end=\"836\">bokst\u00f6d i vingdesign<\/strong><\/li>\n<li data-section-id=\"6jze1\" data-start=\"837\" data-end=\"863\">Detaljrik fj\u00e4derstruktur<\/li>\n<li data-section-id=\"1777f6y\" data-start=\"864\" data-end=\"900\">Antikf\u00e4rgad \/ m\u00f6rk metallic finish<\/li>\n<li data-section-id=\"mo39iz\" data-start=\"901\" data-end=\"942\">Stilfull och dekorativ inredningsdetalj<\/li>\n<li data-section-id=\"ftlbv1\" data-start=\"943\" data-end=\"988\">Passar bokhylla, skrivbord eller konsolbord<\/li>\n<li data-section-id=\"fqbbb1\" data-start=\"989\" data-end=\"1023\">Kan anv\u00e4ndas ensam eller som par<\/li>\n<li data-section-id=\"3dovrz\" data-start=\"1024\" data-end=\"1034\"><strong data-start=\"1026\" data-end=\"1034\">Nytt<\/strong><\/li>\n<\/ul>\n<p data-start=\"1036\" data-end=\"1060\"><strong data-start=\"1036\" data-end=\"1046\">Skick:<\/strong><br data-start=\"1046\" data-end=\"1049\" \/>Nytt skick.<\/p>\n","protected":false},"featured_media":886,"template":"","meta":{"wds_primary_product_brand":0,"wds_primary_product_cat":0},"product_brand":[],"product_cat":[15,25],"product_tag":[],"class_list":{"0":"post-896","1":"product","2":"type-product","3":"status-publish","4":"has-post-thumbnail","6":"product_cat-uncategorized","7":"product_cat-nyheter","8":"product_shipping_class-storre-paket","10":"first","11":"instock","12":"taxable","13":"shipping-taxable","14":"purchasable","15":"product-type-simple"},"_links":{"self":[{"href":"https:\/\/vonotterskarummet.se\/index.php?rest_route=\/wp\/v2\/product\/896","targetHints":{"allow":["GET"]}}],"collection":[{"href":"https:\/\/vonotterskarummet.se\/index.php?rest_route=\/wp\/v2\/product"}],"about":[{"href":"https:\/\/vonotterskarummet.se\/index.php?rest_route=\/wp\/v2\/types\/product"}],"wp:featuredmedia":[{"embeddable":true,"href":"https:\/\/vonotterskarummet.se\/index.php?rest_route=\/wp\/v2\/media\/886"}],"wp:attachment":[{"href":"https:\/\/vonotterskarummet.se\/index.php?rest_route=%2Fwp%2Fv2%2Fmedia&parent=896"}],"wp:term":[{"taxonomy":"product_brand","embeddable":true,"href":"https:\/\/vonotterskarummet.se\/index.php?rest_route=%2Fwp%2Fv2%2Fproduct_brand&post=896"},{"taxonomy":"product_cat","embeddable":true,"href":"https:\/\/vonotterskarummet.se\/index.php?rest_route=%2Fwp%2Fv2%2Fproduct_cat&post=896"},{"taxonomy":"product_tag","embeddable":true,"href":"https:\/\/vonotterskarummet.se\/index.php?rest_route=%2Fwp%2Fv2%2Fproduct_tag&post=896"}],"curies":[{"name":"wp","href":"https:\/\/api.w.org\/{rel}","templated":true}]}}