{"id":898,"date":"2026-03-23T14:26:46","date_gmt":"2026-03-23T13:26:46","guid":{"rendered":"https:\/\/vonotterskarummet.se\/?post_type=product&#038;p=898"},"modified":"2026-03-25T09:27:43","modified_gmt":"2026-03-25T08:27:43","slug":"dekorativ-svanskal-i-vit-keramik-porslin","status":"publish","type":"product","link":"https:\/\/vonotterskarummet.se\/?product=dekorativ-svanskal-i-vit-keramik-porslin","title":{"rendered":"Dekorativ svansk\u00e5l i vit keramik\/porslin"},"content":{"rendered":"","protected":false},"excerpt":{"rendered":"<p data-start=\"308\" data-end=\"593\">Elegant och dekorativ sk\u00e5l i form av en svan, utf\u00f6rd i vit glansig keramik\/porslin. Denna vackra inredningsdetalj kombinerar klassisk form med ett stilrent uttryck och passar lika fint som dekoration som till blomsterarrangemang, ljus, sm\u00e5f\u00f6rvaring eller servering av exempelvis godis.<\/p>\n<p data-start=\"595\" data-end=\"760\">Den detaljrika fj\u00e4derstrukturen och den glansiga vita finishen ger sk\u00e5len ett exklusivt och tidl\u00f6st uttryck som passar b\u00e5de romantisk, klassisk och modern inredning.<\/p>\n<p data-start=\"762\" data-end=\"853\">Perfekt p\u00e5 soffbord, konsolbord, i badrum, k\u00f6k eller som dekorativ detalj i ett vitrinsk\u00e5p.<\/p>\n<p data-start=\"855\" data-end=\"868\"><strong data-start=\"855\" data-end=\"868\">Detaljer:<\/strong><\/p>\n<ul data-start=\"869\" data-end=\"1115\">\n<li data-section-id=\"vwc28k\" data-start=\"869\" data-end=\"925\">Dekorativ <strong data-start=\"881\" data-end=\"925\">sk\u00e5l \/ kruka \/ ytterfoder i form av svan<\/strong><\/li>\n<li data-section-id=\"1jdko2x\" data-start=\"926\" data-end=\"946\">Vit glansig finish<\/li>\n<li data-section-id=\"1ffx50g\" data-start=\"947\" data-end=\"966\">Keramik \/ porslin<\/li>\n<li data-section-id=\"11x2tiq\" data-start=\"967\" data-end=\"999\">Vackert arbetad fj\u00e4derstruktur<\/li>\n<li data-section-id=\"u10r3e\" data-start=\"1000\" data-end=\"1063\">Passar till blommor, dekoration, sm\u00e5f\u00f6rvaring eller servering<\/li>\n<li data-section-id=\"1bo1uls\" data-start=\"1064\" data-end=\"1106\">Fin i b\u00e5de klassisk och modern inredning<\/li>\n<li data-section-id=\"e79sv\" data-start=\"1107\" data-end=\"1115\"><strong data-start=\"1109\" data-end=\"1115\">Ny<\/strong><\/li>\n<\/ul>\n<p data-start=\"1117\" data-end=\"1141\"><strong data-start=\"1117\" data-end=\"1127\">Skick:<\/strong><br data-start=\"1127\" data-end=\"1130\" \/>Nytt skick.<\/p>\n","protected":false},"featured_media":903,"template":"","meta":{"wds_primary_product_brand":0,"wds_primary_product_cat":0},"product_brand":[],"product_cat":[24,15,25],"product_tag":[],"class_list":{"0":"post-898","1":"product","2":"type-product","3":"status-publish","4":"has-post-thumbnail","6":"product_cat-antikviteter","7":"product_cat-uncategorized","8":"product_cat-nyheter","9":"product_shipping_class-endast-hamtning","11":"first","12":"outofstock","13":"taxable","14":"shipping-taxable","15":"purchasable","16":"product-type-simple"},"_links":{"self":[{"href":"https:\/\/vonotterskarummet.se\/index.php?rest_route=\/wp\/v2\/product\/898","targetHints":{"allow":["GET"]}}],"collection":[{"href":"https:\/\/vonotterskarummet.se\/index.php?rest_route=\/wp\/v2\/product"}],"about":[{"href":"https:\/\/vonotterskarummet.se\/index.php?rest_route=\/wp\/v2\/types\/product"}],"wp:featuredmedia":[{"embeddable":true,"href":"https:\/\/vonotterskarummet.se\/index.php?rest_route=\/wp\/v2\/media\/903"}],"wp:attachment":[{"href":"https:\/\/vonotterskarummet.se\/index.php?rest_route=%2Fwp%2Fv2%2Fmedia&parent=898"}],"wp:term":[{"taxonomy":"product_brand","embeddable":true,"href":"https:\/\/vonotterskarummet.se\/index.php?rest_route=%2Fwp%2Fv2%2Fproduct_brand&post=898"},{"taxonomy":"product_cat","embeddable":true,"href":"https:\/\/vonotterskarummet.se\/index.php?rest_route=%2Fwp%2Fv2%2Fproduct_cat&post=898"},{"taxonomy":"product_tag","embeddable":true,"href":"https:\/\/vonotterskarummet.se\/index.php?rest_route=%2Fwp%2Fv2%2Fproduct_tag&post=898"}],"curies":[{"name":"wp","href":"https:\/\/api.w.org\/{rel}","templated":true}]}}